atest common divisor of 53352 and 114.
114
Calculate the greatest common divisor of 90 and 21510.
90
Calculate the highest common factor of 8062 and 174.
58
Calculate the greatest common divisor of 41 and 328.
41
Calculate the greatest common divisor of 12 and 444.
12
Calculate the highest common divisor of 40 and 63640.
40
Calculate the highest common divisor of 74 and 370.
74
What is the greatest common factor of 7698 and 6?
6
What is the highest common divisor of 210 and 140?
70
What is the greatest common factor of 70 and 10?
10
Calculate the greatest common divisor of 1394 and 51.
17
What is the greatest common divisor of 144 and 1233?
9
Calculate the highest common factor of 113 and 28928.
113
What is the highest common divisor of 1116 and 36?
36
What is the greatest common factor of 78 and 3354?
78
Calculate the highest common factor of 30 and 30.
30
What is the greatest common factor of 59853 and 213?
213
What is the greatest common divisor of 4830 and 28?
14
Calculate the highest common factor of 21442 and 284.
142
Calculate the greatest common factor of 2670 and 60.
30
Calculate the greatest common factor of 34 and 833.
17
What is the highest common factor of 3451 and 357?
119
Calculate the greatest common divisor of 1 and 7.
1
What is the highest common factor of 20 and 17190?
10
What is the greatest common divisor of 64 and 112?
16
Calculate the greatest common factor of 2 and 67.
1
What is the highest common factor of 30436 and 28?
28
Calculate the highest common factor of 456 and 1083.
57
Calculate the highest common factor of 477 and 53.
53
Calculate the highest common divisor of 10 and 65.
5
What is the highest common factor of 143 and 99?
11
Calculate the highest common factor of 564 and 12.
12
What is the greatest common divisor of 70 and 15050?
70
Calculate the highest common divisor of 3 and 4677.
3
What is the greatest common factor of 156 and 984?
12
Calculate the greatest common divisor of 16 and 968.
8
Calculate the greatest common divisor of 703 and 296.
37
What is the greatest common factor of 23653 and 7?
7
Calculate the greatest common divisor of 504 and 216.
72
What is the highest common divisor of 225 and 36?
9
Calculate the greatest common divisor of 3 and 31.
1
Calculate the highest common factor of 65 and 1079.
13
Calculate the highest common divisor of 1805 and 5.
5
What is the greatest common divisor of 297 and 132?
33
Calculate the highest common factor of 57 and 135.
3
What is the highest common factor of 51 and 357?
51
What is the highest common factor of 689 and 371?
53
What is the highest common divisor of 320 and 18400?
160
Calculate the greatest common divisor of 9 and 981.
9
What is the highest common divisor of 62625 and 15?
15
Calculate the highest common divisor of 1194 and 30.
6
What is the greatest common factor of 11 and 891?
11
What is the greatest common divisor of 39 and 91?
13
Calculate the highest common divisor of 4980 and 220.
20
Calculate the highest common factor of 8 and 344.
8
Calculate the highest common factor of 156 and 576.
12
What is the highest common factor of 42 and 273?
21
What is the greatest common factor of 2 and 447?
1
Calculate the greatest common factor of 127 and 19939.
127
Calculate the greatest common divisor of 168 and 21.
21
What is the greatest common divisor of 64 and 112?
16
What is the highest common divisor of 11055 and 660?
165
Calculate the highest common divisor of 270 and 486.
54
Calculate the highest common factor of 65 and 2.
1
Calculate the greatest common divisor of 272 and 527.
17
Calculate the highest common factor of 693 and 27.
9
Calculate the highest common factor of 1512 and 616.
56
Calculate the highest common factor of 106 and 265.
53
What is the greatest common divisor of 1248 and 192?
96
Calculate the greatest common factor of 304 and 160.
16
Calculate the highest common divisor of 162 and 108.
54
Calculate the highest common factor of 200 and 35300.
100
What is the highest common divisor of 1895 and 35?
5
Calculate the greatest common divisor of 50 and 725.
25
Calculate the greatest common factor of 190 and 590.
10
What is the highest common factor of 677 and 2?
1
What is the highest common divisor of 44 and 3113?
11
Calculate the highest common divisor of 120 and 16.
8
What is the highest common factor of 172 and 215?
43
Calculate the highest common factor of 3926 and 52.
26
What is the greatest common factor of 88 and 3124?
44
What is the highest common factor of 22 and 418?
22
What is the greatest common divisor of 639 and 71?
71
What is the greatest common divisor of 66 and 88?
22
Calculate the highest common factor of 348 and 232.
116
Calculate the highest common divisor of 154 and 98.
14
Calculate the highest common divisor of 57 and 12.
3
Calculate the highest common factor of 8 and 1.
1
Calculate the highest common factor of 12 and 228.
12
What is the highest common factor of 195 and 75?
15
What is the greatest common factor of 1269 and 45?
9
What is the highest common factor of 87 and 232?
29
Calculate the greatest common factor of 4625 and 259.
37
Calculate the highest common factor of 204 and 1700.
68
Calculate the highest common factor of 65 and 9620.
65
Calculate the greatest common divisor of 364 and 84.
28
What is the highest common factor of 378 and 56?
14
What is the highest common factor of 28 and 17668?
28
What is the greatest common divisor of 13 and 26?
13
What is the highest common divisor of 102 and 8109?
51
Calculate the highest common factor of 6188 and 1190.
238
Calculate the highest common factor of 59 and 5959.
59
Calculate the greatest common factor of 2 and 982.
2
Calculate the highest common factor of 533 and 164.
41
What is the greatest common divisor of 28 and 1316?
28
What is the highest common divisor of 1651 and 635?
127
Calculate the greatest common divisor of 10 and 215.
5
Calculate the greatest common divisor of 216 and 3816.
72
Calculate the highest common divisor of 15 and 165.
15
What is the highest common factor of 17 and 159?
1
Calculate the greatest common divisor of 2414 and 136.
34
What is the highest common factor of 66 and 44?
22
What is the highest common divisor of 39 and 1443?
39
Calculate the highest common factor of 274 and 30551.
137
What is the highest common divisor of 1416 and 408?
24
Calculate the greatest common divisor of 18 and 1206.
18
What is the highest common divisor of 5177 and 527?
31
What is the highest common factor of 56 and 21?
7
Calculate the greatest common factor of 221 and 1649.
17
What is the highest common divisor of 21 and 201?
3
Calculate the greatest common factor of 56 and 1288.
56
What is the highest common factor of 85 and 28135?
85
Calculate the highest common divisor of 600 and 72.
24
Calculate the greatest common divisor of 292 and 16.
4
Calculate the highest common divisor of 115 and 391.
23
What is the greatest common factor of 595 and 34?
17
Calculate the highest common divisor of 80 and 10.
10
What is the greatest common divisor of 72 and 27?
9
What is the greatest common divisor of 2376 and 108?
108
Calculate the highest common factor of 33632 and 32.
32
What is the greatest common divisor of 2529 and 171?
9
What is the highest common factor of 406 and 28?
14
Calculate the highest common factor of 120 and 5.
5
What is the greatest common factor of 554 and 2?
2
Calculate the highest common divisor of 44 and 902.
22
What is the highest common factor of 289 and 29189?
289
What is the greatest common divisor of 8155 and 35?
35
What is the greatest common factor of 12334 and 14?
14
What is the highest common factor of 1548 and 1161?
387
What is the highest common factor of 572 and 104?
52
What is the highest common divisor of 4399 and 166?
83
What is the greatest common factor of 10 and 10590?
10
What is the greatest common divisor of 365 and 10?
5
What is the highest common divisor of 3349 and 68?
17
Calculate the highest common divisor of 5488 and 112.
112
Calculate the highest common factor of 23320 and 264.
88
Calculate the greatest common divisor of 347 and 1.
1
Calculate the greatest common divisor of 177 and 413.
59
Calculate the highest common factor of 12 and 39.
3
Calculate the highest common factor of 480 and 30.
30
Calculate the greatest c